1)/t) composite?
False
Let l = -123 - -236. Suppose -2*j + 4 = 0, 34 = 5*h - 4*j - l. Is h prime?
True
Suppose 100162 = 98*i - 37*i. Is i prime?
False
Suppose 0 = -4*j + 5*u + 4 + 79, -5*u = 15. Let q = j - 7. Is 363/4 + q/40 composite?
True
Let x = -59 + 54. Is -2515*(x + 1 - -3) a prime number?
False
Let o = 126 - 128. Is o + -3 + 785 + 5 composite?
True
Let f be (-25 - 0)/((-18)/846). Suppose -z = 5*g - f, -6*g - 5*z = -g - 1195. Let j = 393 - g. Is j a prime number?
False
Let p = 26 - 24. Let g(k) = 121*k**3 + 4*k**2 - 5*k + 5. Is g(p) composite?
True
Let l = -50 - -46. Is (1/3 - 1)/(l/18294) composite?
False
Suppose -5*x + 4719 = 2*t, -t = -8 + 6. Is x a prime number?
False
Let x(l) = 103*l + 2719. Is x(0) composite?
False
Let c = -35 - -39. Suppose 0 = -4*h, -5*a + 2*a = c*h - 897. Is a a composite number?
True
Is (-3 - 1)*((-13780)/16 - -3) composite?
False
Let q(k) = 36*k - 14. Let u be 5 + -3 - 0 - -12. Let i be q(u). Suppose 5*x - l = 209 + i, 0 = -5*x - 2*l + 687. Is x prime?
True
Let g(b) = 120*b**2 + 41*b - 31. Is g(-12) a prime number?
False
Let t be 10*-1 + (-3)/3. Let c = -6 - t. Suppose 5*x + 4*w - 720 = 45, -c*w = 25. Is x prime?
True
Suppose -5*o = 2*h - 23641, -2*h + h = 2*o - 9457. Is o a composite number?
True
Let o(r) = -38*r**3 - 11*r - 9. Is o(-4) a composite number?
False
Let j(z) = -z**3 + 11*z**2 - z + 16. Let d be j(11). Suppose m = f + 292, -m = -d*f - 227 - 53. Is m a prime number?
False
Let f be (-2 + 7)*29 - -2. Let d = 10 + 43. Suppose -d = 2*z - f. Is z prime?
True
Let f = -19 - -11. Let p(t) = -38*t - 15. Let u(h) = -18*h - 7. Let q(w) = -4*p(w) + 9*u(w). Is q(f) a prime number?
False
Suppose 0*b - 9 = 2*a - 3*b, 2*b = 10. Suppose i + 1 = a. Suppose -187 = -i*n + 131. Is n prime?
False
Let x(o) = -o**2 - 11*o - 8. Let g be x(-10). Suppose 40 + 94 = g*u. Is u prime?
True
Let i(z) = -z - 1504. Let n(q) = -q**2 + 3*q. Let m be n(3). Let p be i(m). Let o = -1017 - p. Is o a prime number?
True
Suppose -3*q + 5*o + 8 = 0, 3 - 19 = -q + 5*o. Let r = 9 + q. Suppose 0 = -r*z - b + 187 + 197, -2*b = -4*z + 310. Is z composite?
True
Suppose -3*j + 10 = 16. Let g(o) = -353*o - 5. Is g(j) a prime number?
True
Let t be (-5)/5 - (-770 - 1). Suppose -6*a + t = -a. Suppose a = 2*x - 204. Is x a prime number?
True
Let z(a) = 306*a**2 + 2*a + 1. Is z(-1) a prime number?
False
Suppose 9 = u - 80. Let f = u - 43. Is f a prime number?
False
Let v(j) = j + 5. Let k(x) = -x - 1. Let d(c) = 4*k(c) + 2*v(c). Let i be d(6). Let s(r) = 19*r**2 + 7*r - 1. Is s(i) prime?
True
Suppose -3*b + 175 + 113 = 0. Suppose -5*c + 356 = -939. Let g = b + c. Is g a composite number?
True
Let r be ((-4)/(-10) - 115308/(-30)) + -3. Suppose r + 554 = 3*c. Is c prime?
False
Let g = 8685 + 1448. Is g a composite number?
False
Suppose -3*a - 5 = 2*i, 0*a + 5 = -i - 4*a. Is 65 + i - 9/(-3) composite?
False
Suppose 0 = -11*l + 8*l - 2997. Is l/(-7) - 4/(-14) prime?
False
Let l = 1800 + 3923. Is l a composite number?
True
Let c(p) = 7*p**2 + 2*p + 13. Suppose 5*f - m - 32 = 0, 5*f + 6*m - 22 = 2*m. Let l(i) = -i**2 - i - 1. Let t(r) = f*l(r) + c(r). Is t(-6) prime?
True
Suppose -52*u + 1130 = -42*u. Is u a prime number?
True
Let m(p) = -1786*p + 685. Is m(-19) prime?
False
Let t be (2 + 16/(-6))*-6. Suppose -f + 2*q = -t, 4*q = -3*f + f. Suppose -f*a + 7*a - 105 = 0. Is a a composite number?
True
Is (12/16)/3 + (-1464085)/(-28) composite?
False
Let h = 6 + -7. Is (-39705)/(-20) - h/(-4) composite?
True
Suppose -4*c - 3*t - t + 8 = 0, 13 = 5*c + 2*t. Suppose 4*z + 5*b - 1204 = 0, 5*b = -c*z + 487 + 416. Is z composite?
True
Suppose -78979 = -9*k + 11084. Is k composite?
False
Suppose -4*k = 4 + 88. Let b(o) = -o**2 - 7*o - 5. Let c be b(-6). Is k*(0 + -3)*c a composite number?
True
Let r(b) = 21*b**2 - 8*b - 13. Suppose -8*f - 24 = 24. Is r(f) prime?
False
Suppose 2*c - 4*p = 22574 + 45684, 4*c + p = 136543. Is c a prime number?
False
Let g = 11 + -32. Let u = 12 + g. Let d(a) = -a**3 - 9*a**2 - 10*a - 11. Is d(u) a prime number?
True
Let g(c) = -1242*c + 19. Is g(-9) composite?
False
Suppose 0 = y - i + 10, 0 = -4*y - 0*y - 4*i - 48. Let z(a) be the first derivative of -18*a**2 + a - 1. Is z(y) a composite number?
False
Let h be 292/(-60) - 4/30. Let g be (750/h)/(-5 - -3). Let y = 130 - g. Is y a composite number?
True
Suppose -12 = -6*h + 18. Suppose h*u - 3184 = u + 4*s, 2*u + 4*s - 1598 = 0. Is u a composite number?
False
Suppose 0 = -2*l - 2*v - 318, 7*l = 2*l + 4*v - 813. Let b = -114 - l. Suppose -4*o - b = -759. Is o prime?
False
Let h(t) = 64*t - 5. Let q be h(8). Suppose 3*n = 504 + q. Is n prime?
True
Let l(b) be the second derivative of -2/3*b**3 + 0 + 3/2*b**2 + 4*b + 1/4*b**4. Is l(2) prime?
True
Let j = -161062 + 230253. Is j composite?
False
Suppose 5*p - 5 = 5. Suppose -p*d + 14082 = 4*a + d, 5*d = -4*a + 14086. Let s = a + -2404. Is s prime?
False
Suppose 5*n - 56 + 16 = 5*a, -22 = -3*n + a. Suppose 2*o = n*o - 10. Suppose -10 = -2*h, 0 = o*y - 6*y - h + 81. Is y prime?
True
Let t(g) = 1196*g - 474. Is t(41) a prime number?
False
Let n(r) = 3*r - 5*r**2 + 3*r + 6 - r**3 - 7. Suppose -4*u - k - 17 = 12, 4*u + 24 = 4*k. Is n(u) a composite number?
True
Suppose -7*c - 9*c + 41680 = 0. Is c a prime number?
False
Let n(l) = 252*l + 25. Let c(a) = 2*a. Let m(z) = 5*c(z) - n(z). Is m(-22) a composite number?
True
Let m(s) = 132 - 63 + 1979*s - 67. Is m(1) a composite number?
True
Let t(i) = -8*i - 44. Let n be t(-6). Suppose 0 = 3*a + a - 2*m - 32240, n*a = -4*m + 32228. Is a a prime number?
True
Let x = 7449 + -2180. Is x prime?
False
Let b(j) = 218*j + 1. Suppose 4*a - 25 - 36 = 5*d, 3*a - 3*d - 45 = 0. Is b(a) a composite number?
True
Suppose 5*i + 4*s = 3*s + 16, -i = 2*s + 4. Let j = -43 - -47. Suppose -j*h = i - 128. Is h a prime number?
True
Let t(w) = w**2 - 5*w - 13. Let u be t(7). Is (u + (-3)/2)*(-3153 + 5) composite?
True
Suppose -9 = -5*j + 6. Suppose 671 - 10082 = -j*b. Is b a prime number?
True
Let s = -662 - -1173. Suppose -m + s = -5*l, -4*m = l - 5*m + 103. Let w = -65 - l. Is w prime?
True
Let r(y) be the third derivative of 17*y**5/60 + 5*y**4/24 - 2*y**3/3 + 13*y**2. Is r(5) a composite number?
True
Suppose -168 = 2*q - 758. Is q a composite number?
True
Is (12/12)/(-4 + 49185/12295) a prime number?
True
Suppose 25*m - 24767 = 97958. Is m prime?
True
Let k(s) = 441*s**2 + 14*s - 61. Is k(4) composite?
True
Suppose -s + 2 = -1. Let d = -39 + 41. Suppose d*g = z + 225, s*g - z - 570 = -2*g. Is g a prime number?
False
Is 1/((-8)/5108)*-2 composite?
False
Let u = -1144 - -2159. Let j(z) = -z**3 - 4*z**2 + 3*z + 3. Let w be j(-4). Is 14/63 - u/w a composite number?
False
Suppose -8*k + 83960 = 21648. Is k prime?
True
Suppose 5*a = -2*c - 20, -2*c - 2*a - 8 = c. Suppose c = -11*k + 8*k + 1221. Is k prime?
False
Suppose 3 = 3*d, 0 = -5*w - 3*d - 0*d + 23. Let j be (-24)/(-13) + w/26. Suppose -182 = -j*i + 236. Is i composite?
True
Let q = -522 + 346. Let k be 315/(-2)*q/24. Let t = k - 653. Is t prime?
False
Suppose 46 = 2*p - z, 0 = -2*p + 2*z + 51 - 1. Suppose -4*x = -p - 3. Let n(k) = 44*k - 7. Is n(x) prime?
True
Let p be 2/(-7) + 0 + 60/14. Is 1912 - ((-44)/(-12) + p/(-6)) a prime number?
False
Suppose -4*t + 5061 = -5575. Is t prime?
True
Let t = 610 - 260. Suppose -3*v + 6 = 0, -3*z - 5*v + 1569 - t = 0. Is z a composite number?
True
Let u = -3527 - -6736. Is u composite?
False
Let k(d) = -11*d + d - 62*d**2 + 10 + 83*d**2. Let x be k(-8). Suppose -3*u = -5*u + x. Is u a prime number?
False
Let t = 55 - 49. Is 2/(-12)*-214*t a composite number?
True
Let c = 18983 + -13426. Is c composite?
False
Let c(n) = -332*n + 37. Is c(-2) a prime number?
True
Let y(z) = -z**3 - 10*z**2 - 13*z - 13. Let i be (-54)/(-8)*(-16)/(-6). Suppose -4*f = -6*f - i. Is y(f) composite?
False
Let n = 5 - 2. Suppose -n*o + 2*x + 4 + 0 = 0, 12 = 4*o - x. Suppose 328 = o*w + 2*s + s, -2*s = 8. Is w a composite number?
True
Suppose -1691 - 1257 = -m + 3*h, h = 5*m - 14782. Is m prime?
True
Suppose -5*b + 4*r = -30, -3*b - r + 1 + 0 = 0. Suppose -247 = -b*q + 579. Is q composite?
True
Let o(n) = -34*n - 23. Let i(j) = -17*j - 11. Let r(v) = 9*i(v) - 4*o(v). Let t be r(8). Is 28/(-1)*t/44 a composite number?
True
Let b(d) = -8*d - 5. Let f be b(-2). Sup